is the tens digit of p?
3
Let u be (4 - 6/2)*3. Suppose -10 = -2*f + u*h, 2*h - 4*h = 5*f - 25. Suppose -f*c - y + 7 + 99 = 0, 66 = 3*c + 3*y. What is the tens digit of c?
2
Let w = 33 + -31. What is the units digit of (4 - (1 - 39)) + w?
4
Let q(a) = 36*a + 103. What is the hundreds digit of q(12)?
5
What is the units digit of (-46)/253 + 105/33?
3
Let i(q) = -8 + 3*q**2 + 13*q - 7*q - 7*q. What is the tens digit of i(-4)?
4
What is the units digit of ((-88)/20)/11*-8350?
0
Let t(f) = -f**3 + 16*f**2 + 18*f + 11. Suppose 3*r - 8 = 1. Suppose -3*p + 42 = -0*y + r*y, 2*p - 11 = -y. What is the units digit of t(y)?
8
Suppose 0 = -28*v + 23*v - 10, -5*v + 1611 = d. What is the tens digit of d?
2
Suppose 4*f - 2*j = 18716, -4*j - 5716 = -3*f + 8316. What is the tens digit of f?
8
Let q(r) = r**3 + 6*r**2 - r - 5. Let g be q(-6). Let n be -4 - (g - 5)/1. Suppose -p - 26 + 70 = n. What is the tens digit of p?
4
Let b = -66 + 60. Let q = 43 + b. What is the units digit of q?
7
Suppose -8*m = -13 - 19. Suppose 0 = -x - 2, 79 = -3*g + m*x + 603. What is the hundreds digit of g?
1
Suppose -7*a = a - 3752. What is the hundreds digit of a?
4
Let u(y) = -y**2 - 8*y + 22. Let f be u(-10). Let q(v) = -10*v**2 + 79*v**2 + f*v + 0*v - 3. What is the tens digit of q(1)?
6
Suppose t - 2*i - 694 - 137 = 0, 2*t = -5*i + 1689. What is the tens digit of t?
3
Suppose 21 = 5*n + 6. Suppose n*r - 4*r = 0. Suppose 0 = -r*o - 5*o + 150. What is the tens digit of o?
3
Let t = -29 + 32. What is the units digit of 1/(-1)*(1*-78 - t)?
1
Let d = 97 - 90. Suppose -1257 = -d*r + 416. What is the units digit of r?
9
Let x be -78*(-3 + (-11)/(-3)). Let h = 92 + x. What is the tens digit of h?
4
Let z(j) = -j**3 + 25*j**2 + 18*j + 60. What is the tens digit of z(25)?
1
Suppose 50904 = 93*m - 30*m. What is the hundreds digit of m?
8
Suppose 0 = -23*j + 24*j - 3*s - 938, 2*j + 3*s = 1903. What is the hundreds digit of j?
9
Let t = 9 + -18. Let f = -5 - t. Suppose 105 = f*z + z. What is the tens digit of z?
2
Suppose 0*o - 3*o - 2*k - 85 = 0, -4*k + 19 = -o. Let f = 32 - o. What is the units digit of f?
9
Suppose 40 = s - 2*q - 42, 0 = 4*q - 8. Suppose -2*h - 3*c + 52 = -62, -4*c = 8. Let b = s - h. What is the tens digit of b?
2
Let s = 397 - 236. Suppose s = 6*q + 59. What is the tens digit of q?
1
Let o = 10 + -12. What is the units digit of (o + 1)/1*-32?
2
Let n(v) = v - 16. Suppose -7 - 6 = -h. Let s be n(h). What is the units digit of ((-41)/(-1) - s) + 2?
6
Let k = -99 - -535. What is the units digit of k?
6
Let d(p) = p**2 + 13*p + 22. Let f be d(-11). What is the units digit of (244/10)/(1/5) - f?
2
Let w(r) be the second derivative of -r**5/20 - 3*r**4/4 - 7*r**3/6 + r**2/2 + 10*r. What is the units digit of w(-9)?
4
Let p = 0 - -5. Suppose -p*i + 174 = 64. What is the units digit of i?
2
Suppose q + 3*o = -128 + 1831, 4*q = -5*o + 6805. What is the tens digit of q?
0
Suppose 11*b - 12*b - 4 = 0. Let y be b/3*258/(-4). Suppose -3*l + l = -y. What is the tens digit of l?
4
Let q(a) = 2*a**3 - 28*a**2 + 17*a - 7. What is the units digit of q(14)?
1
Suppose 3*w = -2*c - 1 - 31, 0 = 3*c - 3*w + 48. Let q be 1/((-30)/c + -2). What is the tens digit of 165/22*q/(-3)?
2
Suppose 0 = o - 4 - 4. Suppose -3*p - 2 = -o. Suppose -3*a = p*a - 145. What is the units digit of a?
9
Let v be -6 + (0 - -1) - 0. Let p(g) be the second derivative of -g**3 + 2*g**2 - 11*g. What is the units digit of p(v)?
4
Let p(y) = 4*y**2 - 5*y - 24. What is the units digit of p(-7)?
7
Suppose 4*y - 186 = -3*w - 2*w, 84 = 2*y - 2*w. Suppose -v + 32 = -y. Suppose 2*k - v = -6. What is the units digit of k?
5
Suppose 6*g + 72 = 15*g. Let l(y) = y**2 - y - 17. What is the units digit of l(g)?
9
Let j be 10/(-20) - 1/(-2). Suppose 9*l + j*l = 117. What is the units digit of l?
3
Let y be 7 + (1 - -3)/2. Suppose s = v, 3 = -2*v + y. Suppose s*t + 3 = 0, 2*l + 2*l - 3*t = 7. What is the units digit of l?
1
Suppose -5*w + 24*a - 26*a = -1586, -w + a = -320. What is the units digit of w?
8
Let f(o) = o**3 - 4*o**2 - 1. Let h be f(4). What is the hundreds digit of 10*(-4)/(-10) - 247*h?
2
Let g = 4 + 1. Let t(w) = w**3 - 4*w**2 + 1. Let l be t(g). Suppose 0 = -5*b - y + 54, -3*y - y = -2*b + l. What is the tens digit of b?
1
Let x(g) = -g**2 - 11*g + 13. Let j be 8/(-2)*(-3)/(-2). What is the tens digit of x(j)?
4
Let q(s) be the second derivative of -7*s**3/3 - 13*s**2/2 + 6*s. What is the units digit of q(-6)?
1
Suppose 66*m - 58*m - 160 = 0. Suppose 0 = -o - 7 - 6. Let i = o + m. What is the units digit of i?
7
Suppose -z - 3*t = 2*t - 8, -2*z + 5*t + 1 = 0. Suppose -z*k = -4*k + 2. Suppose -26 = -k*q - 0. What is the tens digit of q?
1
What is the tens digit of (4 + 1)*((-3168)/(-5))/11?
8
Let c(s) = 17*s**2 - 13*s - 6. Let o be c(-5). Let z = o + -251. What is the units digit of z?
3
Let c = -424 - -455. What is the units digit of c?
1
Let r be 6/(-3)*2/4. Let z(d) be the first derivative of -41*d**4/4 + d**3/3 + 1. What is the tens digit of z(r)?
4
Let l = 771 - 650. What is the hundreds digit of l?
1
Let i(g) = 2*g + 4. Let x be i(7). Let j = x + -16. What is the tens digit of (-120)/(-9) + j/(-6)?
1
Suppose -60*k + 77563 = 18583. What is the tens digit of k?
8
Let p(t) be the first derivative of t**4/4 + 14*t**3/3 + 9*t**2 + 16*t - 6. What is the units digit of p(-12)?
8
Suppose -25*y + 387 = d - 23*y, 4*d - 1578 = -2*y. What is the units digit of d?
7
Let i = -715 + 1145. What is the tens digit of i?
3
Suppose 5*t - 649 = 306. Let n = t + -102. What is the units digit of n?
9
Let w = 2637 - 1693. What is the units digit of w?
4
Suppose 14*v - 22 = 34. Suppose -m - 79 = -2*m + z, -m = v*z - 99. What is the tens digit of m?
8
Suppose 0 = w - 1, 5*g + 5*w = g + 5. Let y be 1 + g + -3 - -1. Let n(m) = 9*m**2 + m. What is the units digit of n(y)?
8
Suppose -3*o - 13 = -22. Suppose -660 = -o*y - 3*a, -225 = -y - 3*a + a. What is the units digit of y?
5
Suppose -7056 = -32*f + 11*f. What is the units digit of f?
6
Suppose 3*c - h - 4474 = -573, 0 = -2*h + 10. What is the hundreds digit of c?
3
Let a = 1999 - -123. What is the hundreds digit of a?
1
Let s be (-88)/(-20) - 2/5. Suppose -6*p + 12 = -3*p, 0 = s*u + 3*p - 28. What is the units digit of (-10)/u*28/(-5)?
4
Let p be ((-4)/6)/((-7)/63). What is the units digit of (-664)/(-12) + (-2)/p?
5
Let a(b) = -2*b - 6. Suppose -5*r - 25 = 0, -r + 12 = 4*s + 3*r. Let m be s/(-4) - 6/2. What is the units digit of a(m)?
4
Suppose 802 = 3*f + 2*p - 1215, -3*p = -6. What is the units digit of f?
1
Let i = 257 - -1042. What is the thousands digit of i?
1
Suppose 2*f - 102 = 5*f. Let l = -4 - f. What is the tens digit of l?
3
Let p = 21 - 57. Let y = 52 + p. Suppose -109 - y = -5*w. What is the tens digit of w?
2
Suppose v - 3*v = -16. Let p(w) = -5*w + 5*w - 4 + 0*w + v*w. What is the tens digit of p(5)?
3
Let g be ((-213)/(-2))/(3/(-4)). Let o = 45 - 119. Let n = o - g. What is the units digit of n?
8
Let s = 8 - -3. Suppose -y + 72 = -x, 3*y - 5*x - 199 - s = 0. What is the tens digit of y?
7
Suppose -142*n - 5844 = -146*n. What is the tens digit of n?
6
Let c(u) = -2*u**2 + 17*u + 5. Let m be c(10). What is the hundreds digit of 625/6 + m/150?
1
Let k = -7 - -9. Suppose -t - 4*d + 85 = -k*d, 10 = 5*d. What is the tens digit of t?
8
Suppose 68 = 3*c - 13. Suppose h - 4*h + 84 = 0. What is the units digit of c/21 + (-8)/h?
1
Suppose -3*h + 16 = 5*i, -3*i + 9 = 5*h - 7. Suppose -5*y - 92 = -2*q - q, 5*q - 185 = h*y. Suppose q = 4*c - 49. What is the units digit of c?
2
Suppose -2*w + 10 = 6. Suppose -5*k + 9 = -w*k. What is the units digit of (3/2)/(k/18)?
9
What is the thousands digit of 2358 + ((-1)/(-2))/((-2)/(-4))?
2
Let j be 1*(-7 + 4) + 9. Suppose 4*x = 3*y + 19, 0*x + 2*x + 2*y = j. What is the units digit of (x/(-12))/((-3)/135)?
5
Let r be (-3 - 57/(-18)) + (-5278)/(-12). Let m = r - 303. What is the tens digit of m?
3
Let a = -278 + 621. What is the hundreds digit of a?
3
Let k(g) = g**2 - 3*g - 2. Let h be k(5). Let r = h + 5. Let u = r + 3. What is the tens digit of u?
1
What is the hundreds digit of (-8 - (0 + -9))/((-2)/(-1406))?
7
Suppose 0*k = 3*k. Suppose a + 3*l + 10 = 40, l = k. Suppose -4*v = 4*y - 60, 3*y + a = v - 5. What is the units digit of v?